he highest common divisor of h and c.
18
Let u(j) be the second derivative of j**4/6 + 2*j**3/3 + j**2 + 4*j. Let f = 10 - 14. Let l be u(f). Calculate the highest common divisor of 90 and l.
18
Let s = 150 - 146. Calculate the greatest common divisor of s and 68.
4
Suppose 5*i + 27 = -3*w, -2*i - 45 = 5*w + 2*i. Let h = w - -65. Calculate the greatest common divisor of h and 140.
28
Let w be (8 - 44)/(6/(-4)). Suppose -y = -1 - 2, 4*l + 4*y - w = 0. Suppose -3*x = -2*x - l. What is the greatest common factor of x and 1?
1
Let q(v) = -v**3 + 6*v**2 + 4. Let t be q(6). Suppose -16 + 30 = 23*o - 124. Calculate the highest common factor of t and o.
2
Suppose -41 = -t + 2*s - 35, -3*s - 5 = -t. Calculate the greatest common divisor of t and 2264.
8
Suppose 61*h - 160 = 56*h. Let i(o) = 4*o**2. Let r be i(-1). What is the greatest common divisor of r and h?
4
Suppose -30 = -2*u - 12. Let p be u/((-36)/(-8)) - -86. Calculate the greatest common factor of p and 22.
22
Let y be (-33)/110 - (-2439)/30. What is the greatest common divisor of 108 and y?
27
Let t(o) = -o**2 + 41*o + 28. Let z be t(0). Suppose 4*j = 108 + 60. Calculate the greatest common divisor of z and j.
14
Let k = -68 + 76. Suppose 14*r - k*r - 120 = 0. Calculate the highest common factor of 60 and r.
20
Let k(w) = w**2 - 4*w + 4. Let r be k(4). Suppose 2*g - 3*a + 58 = r*g, 5*g = 5*a + 95. What is the greatest common divisor of g and 23?
23
Suppose 4*x = -x + 2310. Suppose u - x = -u. Let v(n) = n**2 + 3*n + 11. Let o be v(-5). What is the highest common divisor of o and u?
21
Let d(g) = 5*g - 79. Let t be d(17). Calculate the highest common divisor of 33 and t.
3
Let n be 68*-1*(-1)/(-2). Let g be 5 - 4 - (-5 + n). What is the greatest common divisor of g and 30?
10
Let n = 4 - -5. Suppose -2*j - 2*j = 20, -5*j = 2*b + n. Let c be (-7)/((-280)/32)*5. What is the greatest common factor of b and c?
4
Let v(h) = -h**3 - 38*h**2 + 3*h + 119. Let p be v(-38). Suppose -5*q - 100 = -2*x, -3*q + 10 = -2*x + 118. What is the greatest common divisor of p and x?
5
Suppose 3*h - 2*t = 12, 10 = 2*h - t - t. Suppose 0 = -h*m - 4*m. Let f = m + 7. What is the highest common divisor of 7 and f?
7
Let v = -1140 + 1584. Calculate the greatest common divisor of v and 12.
12
Suppose 4*m - 54 = 3*f, -94 + 3 = 4*f + m. Let v be (-32)/176 - 224/f. Calculate the greatest common divisor of v and 50.
10
Let h be (250/6)/5*3. Let j be 1 + 12/(-16)*-4. Let o be (1250/(-15))/(j/(-6)). Calculate the highest common factor of o and h.
25
Let b(c) = -2*c + 2. Let w be b(-6). Let m be (75 - 0)*w/21. Let h = -30 + 55. Calculate the highest common divisor of m and h.
25
Let z be 4/(8/530) - (-7 + 12). Calculate the greatest common divisor of z and 104.
52
Let f be -94*(5 - (-44)/(-8)). What is the highest common divisor of 235 and f?
47
Suppose -439 - 1157 = -12*p. Calculate the highest common divisor of p and 38.
19
Suppose 3*q + 475 = -2*q. Let u = -63 - q. Let s = u - 21. Calculate the greatest common factor of s and 22.
11
Suppose -5*y + y + 304 = 0. Let p(h) = 13*h - 33. Let x be p(4). Calculate the highest common factor of y and x.
19
Let r(v) = -12*v + 164. Let d be r(2). Let p = 18 - 4. Calculate the highest common divisor of p and d.
14
Let b be -2 + (-44)/(-6) - 2/(-3). Suppose -o = -3 - b. Let u(p) = p**2 + 3*p - 4. Let c be u(5). Calculate the highest common divisor of o and c.
9
Suppose -24*g + 19414 = -7634. What is the greatest common divisor of g and 23?
23
Let w = -42 + 72. Suppose 0 = u - 34 + w. Calculate the highest common divisor of 4 and u.
4
Let p be -6*4/(-8)*-4. Let w = p + 14. Suppose 6*q - 80 = w*q. Calculate the greatest common factor of 5 and q.
5
Suppose -1460 = -3*h + l, 3*h - 2087 + 635 = -3*l. What is the highest common factor of h and 36?
18
Let k be 2/(-4)*-4 - -20. Suppose -n + 100 = 3*c, 2*n = 4*c - 68 - 62. What is the highest common factor of c and k?
11
Let g be (1 - -23) + -1*3. Let j = 178 - -164. Suppose 4*m - j - 78 = 0. What is the highest common divisor of g and m?
21
Let m(r) = r**3 + 4*r**2 + 3*r. Let c be m(-3). Let d be (-48)/(-2) - 0 - c. Suppose -6*t + 4*t = -d. Calculate the greatest common divisor of 60 and t.
12
Suppose 2*z + 53 - 63 = 0. Suppose f - z*f = -40. What is the highest common divisor of 4 and f?
2
Let o(f) = -65*f - 43. Let p be o(-3). Suppose 10 + 47 = 3*k. Calculate the greatest common divisor of p and k.
19
Suppose -4*s - 17 = 15. Let d be (-2 - -6)*(-6)/s. Calculate the highest common factor of d and 2.
1
Suppose 0 = -16*m + 726 + 1050. What is the greatest common factor of 3 and m?
3
Let z = -52 + 122. Let l = z - 9. Let r = -22 + l. What is the highest common divisor of 13 and r?
13
Let v = -3 + 10. Let s(j) = j**3 - 7*j**2 - 9*j + 6. Let n be s(8). Let z(l) = 3*l**2 + 2*l + 6. Let t be z(n). What is the highest common divisor of t and v?
7
Let c(k) = 3*k**2 + 3*k - 3. Let g be c(-3). Let r(x) = -x**3 - 12*x**2 + 2*x + 29. Let q be r(-12). Calculate the greatest common divisor of q and g.
5
Suppose -4*l + 2*l + 14 = -q, 4*l = 5*q + 40. Let i(x) = -x**2 + 6*x - 1. Let d be i(l). Calculate the greatest common factor of 4 and d.
4
Let t(g) = 21*g**2 + g + 1. Let k be t(1). Suppose 5*o + k = 6*o. Calculate the highest common divisor of o and 253.
23
Let r be -3 + (-1 + -5 - -180). What is the greatest common divisor of r and 19?
19
Let d(o) = -o**3 + 4*o**2 + 12*o - 2. Let c be d(5). Let u = c - 26. Calculate the greatest common divisor of 35 and u.
7
Let l(r) be the first derivative of r**2/2 + 20*r - 12. Let f be l(-5). What is the greatest common factor of 165 and f?
15
Let l be 12/16 - 5/(-4). Let t be (-20)/(-35)*7/l. Calculate the highest common divisor of t and 22.
2
Suppose -183 = -4*u - 5*d, -5*d + 51 = u - 2*d. Suppose u*z - 11 = 41*z. Calculate the greatest common factor of 11 and z.
11
Let f(j) = -j**3 + 4*j**2 + j + 1. Let i be f(4). Suppose 5*u + 7 - 12 = 0. Suppose -4 = -5*w + u. What is the highest common factor of i and w?
1
Let d = 19 + -34. Let k(g) = 2*g + 20. Let z be k(d). Let a be (-106)/(-5) - (-2)/z. What is the greatest common divisor of 42 and a?
21
Suppose 15*i - 2552 - 6823 = 0. What is the highest common divisor of 25 and i?
25
Let n be -25*(-2 - 18/(-15)). Suppose -6*x = -x - n. What is the greatest common divisor of 32 and x?
4
Let g = 24 + -17. Let o = -12 - -12. Suppose o = 16*y - 14*y - 154. Calculate the highest common factor of g and y.
7
Let q be (-1290)/(-18) + 28/12. Calculate the greatest common divisor of 1739 and q.
37
Suppose -4*t + 1812 = -4*h, -5*t - 17*h + 15*h = -2258. What is the greatest common divisor of 791 and t?
113
Let y be (-230)/(-2) + (-39)/13. Suppose y = 4*x - 2*s + 6*s, -s = -x + 30. What is the greatest common factor of 203 and x?
29
Let p be (-10)/2*168/35. Let g be (42/8)/((-6)/p). Suppose i - 4*m - g = 0, -22 = 4*i + 4*m - 106. Calculate the greatest common factor of 21 and i.
21
Suppose 0 = -3*y + 5 + 37. Suppose -2*t + 48 + 28 = 0. Suppose 0 = 4*h + 3*g - 21 - 41, -2*h - 5*g = -t. What is the greatest common divisor of h and y?
14
Suppose -4*d - 9 = -3*d. Let c be (44/(-6))/(d/108). Calculate the greatest common factor of 8 and c.
8
Let b be 1 + -2*(-3)/6. Suppose -l = -5*n + 63, 2*n - 6*n - b*l = -56. Let w = 30 + -17. What is the greatest common factor of w and n?
13
Let y(j) = j - 2. Let v be y(-16). Let g = v + 36. Calculate the greatest common factor of 24 and g.
6
Suppose -4*q + 127 = -5*o + 4*o, 0 = 3*q - 4*o - 79. What is the highest common factor of q and 517?
11
Let g = -11 + 56. Calculate the greatest common factor of g and 9.
9
Suppose -640 + 2 = -a + 5*n, 10 = 5*n. Calculate the greatest common factor of 24 and a.
24
Let r be 20*(2 - (-6)/15). Suppose 5*b + r = 2*x - 62, 0 = -5*b. Let t(f) = -5*f**2 + 48*f + 25. Let l be t(10). What is the highest common factor of l and x?
5
Let v = 66 - 61. Suppose -r = -2*c + v*c - 6, -3*r + 2*c = -7. What is the greatest common factor of 33 and r?
3
Suppose -12*v + 7 = -137. Calculate the highest common divisor of 324 and v.
12
Let f = -38 + 82. Suppose -f = -y - 14. Let j be 1/(-3) + 92/6. What is the highest common divisor of j and y?
15
Suppose 0 = -4*v + v - b + 12, 2*b - 14 = -4*v. Let p be 2*(100/8 + 0). Let h = p + v. What 